{"id":7270,"date":"2018-04-26T16:53:31","date_gmt":"2018-04-26T15:53:31","guid":{"rendered":"https:\/\/www.teysalpi.ch\/wp\/?post_type=tribe_events&#038;p=7270"},"modified":"2018-04-26T16:53:31","modified_gmt":"2018-04-26T15:53:31","slug":"entrainement-trail-6","status":"publish","type":"tribe_events","link":"https:\/\/www.teysalpi.ch\/wp\/calendrier\/entrainement-trail-6\/","title":{"rendered":"Entra\u00eenement trail #6"},"content":{"rendered":"<p><strong style=\"color: #00ccff;\"><img loading=\"lazy\" decoding=\"async\" class=\"size-medium wp-image-5953 alignnone\" src=\"https:\/\/www.teysalpi.ch\/wp\/wp-content\/uploads\/2015\/12\/entra\u00eenemt_mercredi_3-500x212.png\" alt=\"\" width=\"500\" height=\"212\" srcset=\"https:\/\/www.teysalpi.ch\/wp\/wp-content\/uploads\/2015\/12\/entra\u00eenemt_mercredi_3-500x212.png 500w, https:\/\/www.teysalpi.ch\/wp\/wp-content\/uploads\/2015\/12\/entra\u00eenemt_mercredi_3-650x276.png 650w, https:\/\/www.teysalpi.ch\/wp\/wp-content\/uploads\/2015\/12\/entra\u00eenemt_mercredi_3-768x326.png 768w, https:\/\/www.teysalpi.ch\/wp\/wp-content\/uploads\/2015\/12\/entra\u00eenemt_mercredi_3-1024x435.png 1024w, https:\/\/www.teysalpi.ch\/wp\/wp-content\/uploads\/2015\/12\/entra\u00eenemt_mercredi_3-600x255.png 600w, https:\/\/www.teysalpi.ch\/wp\/wp-content\/uploads\/2015\/12\/entra\u00eenemt_mercredi_3-1080x459.png 1080w\" sizes=\"(max-width: 500px) 100vw, 500px\" \/><br \/>\nTh\u00e8me<\/strong><br \/>\nPr\u00e9paration trail<\/p>\n<p><span style=\"color: #00ccff;\"><strong>Equipement<\/strong><\/span><br \/>\n&#8211; Mat\u00e9riel de course \u00e0 pied adapt\u00e9 aux conditions m\u00e9t\u00e9o.<br \/>\n&#8211; Montre cardio (si disponible)<\/p>\n<p><span style=\"color: #00ccff;\"><strong>Entra\u00eeneurs<\/strong><\/span><br \/>\nDenis Berlemont<\/p>\n<p><span style=\"color: #00ccff;\"><strong>Horaire<\/strong><\/span><br \/>\n18h30 &#8211; 20h00<\/p>\n<p><span style=\"color: #00ccff;\"><strong>Lieu<\/strong><\/span><br \/>\nParking Patinoire, Les Paccots<\/p>\n<p>Par respect pour l&rsquo;entra\u00eeneur et la dynamique de groupe, merci d&rsquo;\u00eatre ponctuel, les entra\u00eenements d\u00e9buteront\u00a0\u00e0 l&rsquo;heure indiqu\u00e9e.<\/p>\n","protected":false},"excerpt":{"rendered":"<p>Th\u00e8me Pr\u00e9paration trail Equipement &#8211; Mat\u00e9riel de course \u00e0 pied adapt\u00e9 aux conditions m\u00e9t\u00e9o. &#8211; Montre cardio (si disponible) Entra\u00eeneurs Denis Berlemont Horaire 18h30 &#8211; 20h00 Lieu Parking Patinoire, Les [&hellip;]<\/p>\n","protected":false},"author":3,"featured_media":0,"template":"","meta":{"_et_pb_use_builder":"","_et_pb_old_content":"","_et_gb_content_width":"","_tribe_events_status":"","_tribe_events_status_reason":"","footnotes":""},"tags":[],"tribe_events_cat":[34],"class_list":["post-7270","tribe_events","type-tribe_events","status-publish","hentry","tribe_events_cat-entrainement","cat_entrainement"],"_links":{"self":[{"href":"https:\/\/www.teysalpi.ch\/wp\/wp-json\/wp\/v2\/tribe_events\/7270","targetHints":{"allow":["GET"]}}],"collection":[{"href":"https:\/\/www.teysalpi.ch\/wp\/wp-json\/wp\/v2\/tribe_events"}],"about":[{"href":"https:\/\/www.teysalpi.ch\/wp\/wp-json\/wp\/v2\/types\/tribe_events"}],"author":[{"embeddable":true,"href":"https:\/\/www.teysalpi.ch\/wp\/wp-json\/wp\/v2\/users\/3"}],"version-history":[{"count":1,"href":"https:\/\/www.teysalpi.ch\/wp\/wp-json\/wp\/v2\/tribe_events\/7270\/revisions"}],"predecessor-version":[{"id":7271,"href":"https:\/\/www.teysalpi.ch\/wp\/wp-json\/wp\/v2\/tribe_events\/7270\/revisions\/7271"}],"wp:attachment":[{"href":"https:\/\/www.teysalpi.ch\/wp\/wp-json\/wp\/v2\/media?parent=7270"}],"wp:term":[{"taxonomy":"post_tag","embeddable":true,"href":"https:\/\/www.teysalpi.ch\/wp\/wp-json\/wp\/v2\/tags?post=7270"},{"taxonomy":"tribe_events_cat","embeddable":true,"href":"https:\/\/www.teysalpi.ch\/wp\/wp-json\/wp\/v2\/tribe_events_cat?post=7270"}],"curies":[{"name":"wp","href":"https:\/\/api.w.org\/{rel}","templated":true}]}}

Entraînement trail #6

<p><strong style="color: #00ccff;"><img loading="lazy" decoding="async" class="size-medium wp-image-5953 alignnone" src="https://www.teysalpi.ch/wp/wp-content/uploads/2015/12/entraînemt_mercredi_3-500x212.png" alt="" width="500" height="212" srcset="https://www.teysalpi.ch/wp/wp-content/uploads/2015/12/entraînemt_mercredi_3-500x212.png 500w, https://www.teysalpi.ch/wp/wp-content/uploads/2015/12/entraînemt_mercredi_3-650x276.png 650w, https://www.teysalpi.ch/wp/wp-content/uploads/2015/12/entraînemt_mercredi_3-768x326.png 768w, https://www.teysalpi.ch/wp/wp-content/uploads/2015/12/entraînemt_mercredi_3-1024x435.png 1024w, https://www.teysalpi.ch/wp/wp-content/uploads/2015/12/entraînemt_mercredi_3-600x255.png 600w, https://www.teysalpi.ch/wp/wp-content/uploads/2015/12/entraînemt_mercredi_3-1080x459.png 1080w" sizes="(max-width: 500px) 100vw, 500px" /><br />
Thème</strong><br />
Préparation trail</p>
<p><span style="color: #00ccff;"><strong>Equipement</strong></span><br />
&#8211; Matériel de course à pied adapté aux conditions météo.<br />
&#8211; Montre cardio (si disponible)</p>
<p><span style="color: #00ccff;"><strong>Entraîneurs</strong></span><br />
Denis Berlemont</p>
<p><span style="color: #00ccff;"><strong>Horaire</strong></span><br />
18h30 &#8211; 20h00</p>
<p><span style="color: #00ccff;"><strong>Lieu</strong></span><br />
Parking Patinoire, Les Paccots</p>
<p>Par respect pour l&rsquo;entraîneur et la dynamique de groupe, merci d&rsquo;être ponctuel, les entraînements débuteront à l&rsquo;heure indiquée.</p>

<p>Thème Préparation trail Equipement &#8211; Matériel de course à pied adapté aux conditions météo. &#8211; Montre cardio (si disponible) Entraîneurs Denis Berlemont Horaire 18h30 &#8211; 20h00 Lieu Parking Patinoire, Les [&hellip;]</p>
